{"id":26,"date":"2017-04-23T14:00:55","date_gmt":"2017-04-23T14:00:55","guid":{"rendered":"http:\/\/www.geflefonsterputs.se\/?page_id=26"},"modified":"2017-04-23T20:20:28","modified_gmt":"2017-04-23T20:20:28","slug":"om-oss","status":"publish","type":"page","link":"https:\/\/www.geflefonsterputs.se\/?page_id=26","title":{"rendered":"OM OSS"},"content":{"rendered":"<div id=\"dslc-content\" class=\"dslc-content dslc-clearfix\"><div id=\"dslc-main\">\r\n\t\t<div  class=\"dslc-modules-section \" style=\"\" data-section-id=\"0601a5287df\">\r\n\t\t\t\t\r\n\t\t\t\t\r\n\t\t\t\t<div class=\"dslc-modules-section-wrapper dslc-clearfix\"><div class=\"dslc-modules-area dslc-col dslc-4-col dslc-first-col\" data-size=\"4\" data-valign=\"\">\n\t\t<div id=\"dslc-module-ba739fdafa4\" class=\"dslc-module-front dslc-module-DSLC_Image dslc-in-viewport-check dslc-in-viewport-anim-none  dslc-col dslc-12-col dslc-last-col  dslc-module-handle-like-regular \" data-module-id=\"ba739fdafa4\" data-module=\"DSLC_Image\" data-dslc-module-size=\"12\" data-dslc-anim=\"none\" data-dslc-anim-delay=\"0\" data-dslc-anim-duration=\"650\"  data-dslc-anim-easing=\"ease\" data-dslc-preset=\"none\" >\n\n\t\t\t\n\t\t\t\n\t\t\t\t<div class=\"dslc-image-container\">\r\n\t\t<div class=\"dslc-image\">\r\n\r\n\t\t\t\r\n\t\t\t\t\r\n\t\t\t\t\t\t\t\t\t<img src=\"https:\/\/www.geflefonsterputs.se\/wp-content\/uploads\/2017\/04\/omoss1.jpg\" alt=\"\" title=\"\" srcset=\"https:\/\/www.geflefonsterputs.se\/wp-content\/uploads\/2017\/04\/omoss1.jpg 960w, https:\/\/www.geflefonsterputs.se\/wp-content\/uploads\/2017\/04\/omoss1-300x169.jpg 300w, https:\/\/www.geflefonsterputs.se\/wp-content\/uploads\/2017\/04\/omoss1-768x432.jpg 768w, https:\/\/www.geflefonsterputs.se\/wp-content\/uploads\/2017\/04\/omoss1-360x203.jpg 360w\" sizes=\"(max-width: 960px) 100vw, 960px\" \/>\r\n\t\t\t\t\r\n\t\t\t\t\t\t\t\t\t<\/div><!-- .dslc-image -->\r\n\t\t<\/div>\r\n\t\t\n\t\t\t\t<\/div><!-- .dslc-module -->\n\t\t<\/div><div class=\"dslc-modules-area dslc-col dslc-8-col dslc-last-col\" data-size=\"8\" data-valign=\"\">\n\t\t<div id=\"dslc-module-9b770c74ccf\" class=\"dslc-module-front dslc-module-DSLC_Text_Simple dslc-in-viewport-check dslc-in-viewport-anim-none  dslc-col dslc-12-col dslc-last-col  dslc-module-handle-like-regular \" data-module-id=\"9b770c74ccf\" data-module=\"DSLC_Text_Simple\" data-dslc-module-size=\"12\" data-dslc-anim=\"none\" data-dslc-anim-delay=\"0\" data-dslc-anim-duration=\"650\"  data-dslc-anim-easing=\"ease\" data-dslc-preset=\"none\" >\n\n\t\t\t\n\t\t\t\n\t\t\r\n\t\t<div class=\"dslc-text-module-content\">\r\n\t\t\t<h4 class=\"p1\"><span class=\"s1\">V\u00c4LKOMMEN<\/span><\/h4><h4 class=\"p1\"><span class=\"s1\">GEFLE F\u00d6NSTERPUTS & ST\u00c4D<\/span><\/h4><p class=\"p1\"><span class=\"s1\">Gefle f\u00f6nsterputs & st\u00e4d \u00e4r ett lokalv\u00e5rdsf\u00f6retag som utf\u00f6r all slags st\u00e4dning,f\u00f6nsterputs och storst\u00e4dning i gestrikland. Gefle f\u00f6nsterputs & St\u00e4d profilerat sig som ett personligt st\u00e4df\u00f6retag med kunden i fokus.f\u00f6retagsid\u00e9 \u00e4r att utf\u00f6ra milj\u00f6anpassade lokalv\u00e5rdstj\u00e4nster inom G\u00e4vle med omnejd f\u00f6r den privata och offentliga sektorn, med kompetent personal, h\u00f6g servicegrad och med kvalitet i alla led. V\u00e5r mission \u00e4r att g\u00f6ra livet b\u00e4ttre f\u00f6r v\u00e5ra kunder genom att driva, vidareutveckla och samordna effektiva st\u00e4dservicel\u00f6sningar. Kommunikation i denna bransch \u00e4r mycket viktig f\u00f6r b\u00e5da parter eftersom p\u00e5 detta s\u00e4tt uppn\u00e5s det b\u00e4sta resultatet! Vi fokuserar d\u00e4rf\u00f6r alltid p\u00e5 ett n\u00e4ra samarbete med god uppf\u00f6ljning.Vi hoppas att v\u00e5r hemsida har v\u00e4ckt ditt intresse, du f\u00e5r g\u00e4rna kontakta oss med dina tankar och fr\u00e5gor!<\/span><\/p>\t\t<\/div>\r\n\r\n\t\t\n\t\t\t\t<\/div><!-- .dslc-module -->\n\t\t<\/div><\/div><\/div>\r\n\t\t<div  class=\"dslc-modules-section \" style=\"\" data-section-id=\"0601a5287df\">\r\n\t\t\t\t\r\n\t\t\t\t\r\n\t\t\t\t<div class=\"dslc-modules-section-wrapper dslc-clearfix\"><div class=\"dslc-modules-area dslc-col dslc-8-col dslc-first-col\" data-size=\"8\" data-valign=\"\">\n\t\t<div id=\"dslc-module-6de730ac05e\" class=\"dslc-module-front dslc-module-DSLC_Text_Simple dslc-in-viewport-check dslc-in-viewport-anim-none  dslc-col dslc-12-col dslc-last-col  dslc-module-handle-like-regular \" data-module-id=\"6de730ac05e\" data-module=\"DSLC_Text_Simple\" data-dslc-module-size=\"12\" data-dslc-anim=\"none\" data-dslc-anim-delay=\"0\" data-dslc-anim-duration=\"650\"  data-dslc-anim-easing=\"ease\" data-dslc-preset=\"none\" >\n\n\t\t\t\n\t\t\t\n\t\t\r\n\t\t<div class=\"dslc-text-module-content\">\r\n\t\t\t<h4 class=\"p1\"><span class=\"s1\">V\u00c5RT MOTTO:<\/span><\/h4><p class=\"p1\"><span class=\"s1\">Fokusera p\u00e5 kvalit\u00e9n<\/span><\/p><p class=\"p1\"><span class=\"s1\">Lyssna p\u00e5 kunden<\/span><\/p><p class=\"p1\"><span class=\"s1\">Erbjud b\u00e4sta service<\/span><\/p><p class=\"p1\"><span class=\"s1\">V\u00e5r b\u00e4sta reklam \u00e4r v\u00e5ra n\u00f6jda kunder\u2026<\/span><\/p>\t\t<\/div>\r\n\r\n\t\t\n\t\t\t\t<\/div><!-- .dslc-module -->\n\t\t<\/div><div class=\"dslc-modules-area dslc-col dslc-4-col dslc-last-col\" data-size=\"4\" data-valign=\"\">\n\t\t<div id=\"dslc-module-91258fa43b8\" class=\"dslc-module-front dslc-module-DSLC_Image dslc-in-viewport-check dslc-in-viewport-anim-none  dslc-col dslc-12-col dslc-last-col  dslc-module-handle-like-regular \" data-module-id=\"91258fa43b8\" data-module=\"DSLC_Image\" data-dslc-module-size=\"12\" data-dslc-anim=\"none\" data-dslc-anim-delay=\"0\" data-dslc-anim-duration=\"650\"  data-dslc-anim-easing=\"ease\" data-dslc-preset=\"none\" >\n\n\t\t\t\n\t\t\t\n\t\t\t\t<div class=\"dslc-image-container\">\r\n\t\t<div class=\"dslc-image\">\r\n\r\n\t\t\t\r\n\t\t\t\t\r\n\t\t\t\t\t\t\t\t\t<img src=\"https:\/\/www.geflefonsterputs.se\/wp-content\/uploads\/2017\/04\/20160704_164314-1.jpg\" alt=\"\" title=\"\" srcset=\"https:\/\/www.geflefonsterputs.se\/wp-content\/uploads\/2017\/04\/20160704_164314-1.jpg 1024w, https:\/\/www.geflefonsterputs.se\/wp-content\/uploads\/2017\/04\/20160704_164314-1-300x169.jpg 300w, https:\/\/www.geflefonsterputs.se\/wp-content\/uploads\/2017\/04\/20160704_164314-1-768x432.jpg 768w, https:\/\/www.geflefonsterputs.se\/wp-content\/uploads\/2017\/04\/20160704_164314-1-360x203.jpg 360w\" sizes=\"(max-width: 1024px) 100vw, 1024px\" \/>\r\n\t\t\t\t\r\n\t\t\t\t\t\t\t\t\t<\/div><!-- .dslc-image -->\r\n\t\t<\/div>\r\n\t\t\n\t\t\t\t<\/div><!-- .dslc-module -->\n\t\t<\/div><\/div><\/div>\r\n\t\t<div  class=\"dslc-modules-section \" style=\"\" data-section-id=\"0601a5287df\">\r\n\t\t\t\t\r\n\t\t\t\t\r\n\t\t\t\t<div class=\"dslc-modules-section-wrapper dslc-clearfix\"><div class=\"dslc-modules-area dslc-col dslc-8-col dslc-first-col\" data-size=\"8\" data-valign=\"\">\n\t\t<div id=\"dslc-module-835d1768db6\" class=\"dslc-module-front dslc-module-DSLC_Text_Simple dslc-in-viewport-check dslc-in-viewport-anim-none  dslc-col dslc-12-col dslc-last-col  dslc-module-handle-like-regular \" data-module-id=\"835d1768db6\" data-module=\"DSLC_Text_Simple\" data-dslc-module-size=\"12\" data-dslc-anim=\"none\" data-dslc-anim-delay=\"0\" data-dslc-anim-duration=\"650\"  data-dslc-anim-easing=\"ease\" data-dslc-preset=\"none\" >\n\n\t\t\t\n\t\t\t\n\t\t\r\n\t\t<div class=\"dslc-text-module-content\">\r\n\t\t\t<h4 class=\"p1\"><span class=\"s1\">ANSVAR F\u00d6R MILJ\u00d6N,<\/span><\/h4><p class=\"p1\"><span class=\"s1\">Endast milj\u00f6godk\u00e4nda medel kommer i fr\u00e5ga vid utf\u00f6randet av dessa arbeten.<\/span><\/p><p class=\"p1\"><span class=\"s1\">V\u00e5rt m\u00e5l \u00e4r 100% n\u00f6jda kunder.<\/span><\/p><p class=\"p1\"><span class=\"s1\">\u2013 Vill Du vara en av dem ???<\/span><\/p>\t\t<\/div>\r\n\r\n\t\t\n\t\t\t\t<\/div><!-- .dslc-module -->\n\t\t<\/div><div class=\"dslc-modules-area dslc-col dslc-4-col dslc-last-col\" data-size=\"4\" data-valign=\"\">\n\t\t<div id=\"dslc-module-f93bca5d055\" class=\"dslc-module-front dslc-module-DSLC_Notification dslc-in-viewport-check dslc-in-viewport-anim-none  dslc-col dslc-12-col dslc-last-col  dslc-module-handle-like-regular \" data-module-id=\"f93bca5d055\" data-module=\"DSLC_Notification\" data-dslc-module-size=\"12\" data-dslc-anim=\"none\" data-dslc-anim-delay=\"0\" data-dslc-anim-duration=\"650\"  data-dslc-anim-easing=\"ease\" data-dslc-preset=\"none\" >\n\n\t\t\t\n\t\t\t\n\t\t\r\n\t\t\t<div class=\"dslc-notification-box \" data-notification-timeout=\"\">\r\n\t\t\t\t<div class=\"dslc-notification-box-content  dslca-editable-content\" data-id=\"content\" data-edit-id=\"0\">\r\n\t\t\t\t\t<h4 class=\"p1\"><span class=\"s1\">Tel: <span style=\"color: #ffcc00;\">070 574 10 48<\/span><\/span><\/h4>\t\t\t\t<\/div>\r\n\t\t\t\t\t\t\t\t<span class=\"dslc-notification-box-close\"><span class=\"dslc-icon dslc-icon-remove\"><\/span><\/span>\r\n\t\t\t<\/div><!-- .dslc-notification-box -->\r\n\r\n\t\t\t\n\t\t\t\t<\/div><!-- .dslc-module -->\n\t\t<\/div><\/div><\/div><\/div><input type=\"hidden\" id=\"dslca-post-data-thumb\" value=\"https:\/\/www.geflefonsterputs.se\/wp-content\/uploads\/2017\/04\/20160708_131744-e1492894026111.jpg\" \/><\/div>","protected":false},"excerpt":{"rendered":"<p>V\u00c4LKOMMENGEFLE F\u00d6NSTERPUTS &#038; ST\u00c4DGefle f\u00f6nsterputs &#038; st\u00e4d \u00e4r ett lokalv\u00e5rdsf\u00f6retag som utf\u00f6r all slags st\u00e4dning,f\u00f6nsterputs och storst\u00e4dning i gestrikland. Gefle f\u00f6nsterputs &#038; St\u00e4d profilerat sig som ett personligt st\u00e4df\u00f6retag med kunden i fokus.f\u00f6retagsid\u00e9 \u00e4r att utf\u00f6ra milj\u00f6anpassade lokalv\u00e5rdstj\u00e4nster inom G\u00e4vle <a href=\"https:\/\/www.geflefonsterputs.se\/?page_id=26\" class=\"read-more\">L\u00e4s<\/a><\/p>\n","protected":false},"author":1,"featured_media":7,"parent":0,"menu_order":0,"comment_status":"closed","ping_status":"closed","template":"","meta":{"footnotes":""},"class_list":["post-26","page","type-page","status-publish","has-post-thumbnail","hentry"],"_links":{"self":[{"href":"https:\/\/www.geflefonsterputs.se\/index.php?rest_route=\/wp\/v2\/pages\/26","targetHints":{"allow":["GET"]}}],"collection":[{"href":"https:\/\/www.geflefonsterputs.se\/index.php?rest_route=\/wp\/v2\/pages"}],"about":[{"href":"https:\/\/www.geflefonsterputs.se\/index.php?rest_route=\/wp\/v2\/types\/page"}],"author":[{"embeddable":true,"href":"https:\/\/www.geflefonsterputs.se\/index.php?rest_route=\/wp\/v2\/users\/1"}],"replies":[{"embeddable":true,"href":"https:\/\/www.geflefonsterputs.se\/index.php?rest_route=%2Fwp%2Fv2%2Fcomments&post=26"}],"version-history":[{"count":2,"href":"https:\/\/www.geflefonsterputs.se\/index.php?rest_route=\/wp\/v2\/pages\/26\/revisions"}],"predecessor-version":[{"id":29,"href":"https:\/\/www.geflefonsterputs.se\/index.php?rest_route=\/wp\/v2\/pages\/26\/revisions\/29"}],"wp:featuredmedia":[{"embeddable":true,"href":"https:\/\/www.geflefonsterputs.se\/index.php?rest_route=\/wp\/v2\/media\/7"}],"wp:attachment":[{"href":"https:\/\/www.geflefonsterputs.se\/index.php?rest_route=%2Fwp%2Fv2%2Fmedia&parent=26"}],"curies":[{"name":"wp","href":"https:\/\/api.w.org\/{rel}","templated":true}]}}